v = h + 15. Let g(z) = 5*z + 6*z**v - 5*z + 3*z - 4 - 5*z**3 + 5*z**2. Determine g(-3).
5
Let x(c) be the second derivative of -c**3 + 3*c - 77. Give x(-1).
6
Let a be (16/(-6) + 3)*12. Let o(z) = -11*z + 9. Let b(k) = -4*k + 3. Let m(r) = 8*b(r) - 3*o(r). Calculate m(a).
1
Let u(p) = p**2 + 10*p + 12. Suppose -2*c = -4*v, 0 = -c - 22*v + 23*v - 4. What is u(c)?
-4
Let c(w) = w + 1. Let q be c(2). Let i(h) = -4*h - 4. Let u(g) = g. Let j(l) = -i(l) - 5*u(l). Calculate j(q).
1
Let p(c) = -c**2 + 4*c + 5. Let x be p(7). Let n = x - -18. Let j(k) = 3*k**2 - 1. Give j(n).
11
Let v(g) = -13*g - 8. Let r(d) = 14*d + 9. Let h(x) = 5*r(x) + 6*v(x). Let q be (57/(-152) - (-2)/(-16))*4. Give h(q).
13
Let x(h) = -5*h + h**3 + 0*h**3 + 35*h**2 - 2 - 10*h - 48*h**2 + 19*h**2. What is x(-8)?
-10
Let t(j) = 3*j + 5. Let q be (-18)/15*(-40)/12. Suppose 4*v + 24 = q*u, 3*v = 2*v - u - 6. What is t(v)?
-13
Suppose -3 = -s + z, 52 = 4*s + 3*z + z. Let k(m) = m - 4. Let l be k(s). Let n(f) = -l*f**2 + 2*f + 4 - f**3 + 5*f - 6*f. Give n(-3).
-8
Let b(y) be the first derivative of y**3 + y**2/2 + y - 10. Let h be b(-1). Let c(d) = d - 7. Give c(h).
-4
Let z(y) = y**2 + 5*y - 12. Let s be z(2). Let t(h) = 4 - h**3 - 9*h**2 + 11*h**s - 1 + 3*h. Suppose -4*r + 7 = 2*v - 7, -3*v + 13 = 2*r. Determine t(v).
3
Let a(x) = -4*x**3 - 5*x**2 + 4*x + 25. Let o(f) = 3*f**3 + 5*f**2 - 4*f - 19. Let z(u) = 4*a(u) + 5*o(u). Let t be (-99)/(-21) - 2/(-7). Calculate z(t).
-15
Let t(b) be the third derivative of -b**6/120 - b**5/20 + b**4/12 - b**3/6 - 112*b**2. Give t(-3).
-7
Let w(h) = 3*h - 24. Let b be w(12). Suppose b = -2*j - 0*j. Let k(c) = -c + 2. What is k(j)?
8
Let z(f) be the second derivative of -f**3 + 1/30*f**5 + f - 1/3*f**4 + 0 + 0*f**2. Let w(k) be the second derivative of z(k). What is w(6)?
16
Suppose -45 = -18*i - 9. Let m(n) = 3*n**2 + 1. Determine m(i).
13
Let x(t) = 2*t**3 + t**2 - 2*t + 3. Let b(n) = -7*n**3 - 2*n**2 + 5*n - 8. Let v(z) = 3*b(z) + 8*x(z). Let h = 12 - 11. Suppose 0 = 2*f - 1 - h. Give v(f).
-4
Let u(f) be the first derivative of 17 + 9*f + 1/2*f**2. Give u(-6).
3
Let x(g) be the third derivative of -g**5/60 - g**4/4 + 5*g**3/2 - 46*g**2. Calculate x(-7).
8
Let f(j) = -j**2 - 4376*j**3 - 3 + 4377*j**3 - 2*j**2 - 4*j. Determine f(4).
-3
Let s(p) = -p**3 + 5*p**2 - 7*p + 5. Let u be ((-3)/16*-8)/((-3)/(-8)). Calculate s(u).
-7
Suppose -w - 5*w + 3*w = 0. Let p(c) = w*c - 241 + 4*c + 6*c**2 + 237 + c**3. Calculate p(-5).
1
Let b be 6 + 0 - (72/(-8) + 8). Let x(f) = f**2 - 6*f - 10. Give x(b).
-3
Suppose -5*k + 0*x + 23 = 4*x, 4*k + 3*x = 18. Let y(q) = -q**2 - 6*q + 9. Let p be y(-7). Let d(h) = p*h - 8*h + 3*h + 3. What is d(k)?
-6
Let r(m) = -6*m + 3. Let p(c) = c - 6. Let j be p(4). What is r(j)?
15
Let x(k) = k**2 + 6*k - 1. Let w be (26/(-39))/(104/51 + -2). Let i = -23 - w. Calculate x(i).
-1
Let m(y) = -y**2 - 4*y - 6. Suppose -3*p - 4 = -2*s, 4*s + 2*p - 14 = -38. What is m(s)?
-6
Let b(k) = -k + 6. Let n be 17/(17/18) + (1 - 1). Suppose 22*q - 19*q = n. Calculate b(q).
0
Let b = 382 - 391. Let q(k) = k**3 + 11*k**2 + 19*k + 3. Give q(b).
-6
Let c(d) = -11 - 10*d**3 + 17*d**3 + 8*d - 2*d**2 - 10*d - 4*d**3 + 13. What is c(2)?
14
Let b be 1*6/((-24)/(-20)). Suppose -2*s - 13 = -b. Let h(v) = v**3 + 5*v**2 + 5*v - 2. Calculate h(s).
-6
Suppose 0 = -0*n + 2*n + 4*h - 6, -3*n = 5*h - 10. Suppose y = -t - 7, n*t = 3*y - 4 + 1. Let r(k) = -k**2 - 2*k + 3. Calculate r(y).
-5
Let n(z) be the second derivative of -z**5/20 + 7*z**4/12 - z**3/6 + z**2 - z - 12. What is n(7)?
-5
Let r be (0 - (-2)/5)*15. Let x = r + -6. Let y(h) = h + 7 + x*h - h**3 - 5 + h**2. Determine y(0).
2
Suppose 0 = -2*y + 14 + 16. Suppose i = -4*i - y. Let r(n) = -n - 3. Give r(i).
0
Let v be -3 - -5 - (-6)/1. Let j = 7 - v. Let f(s) = 8*s + 1. What is f(j)?
-7
Suppose 38*k + 197 = 45. Let b(r) = 8*r. Give b(k).
-32
Let x be 4/(-16) - 362/(-8). Let k be -3*(-3)/x - (-8)/10. Let l(b) = -5*b**3 + b. Calculate l(k).
-4
Let d(m) = 41*m - 76. Let n(r) = 20*r - 33. Let l(w) = 3*d(w) - 7*n(w). Determine l(-3).
54
Let q(w) = -w**3 - 14*w**2 - 17*w - 50. Let f be q(-13). Let i(h) = -2*h**3 + 3*h**2 - 4*h + 2. Determine i(f).
-10
Let t(g) = 3*g + 21. Let b be t(-4). Let n(l) = l**2 - 10*l + 13. Determine n(b).
4
Suppose 41 + 3 = -4*w. Let m = 4 + w. Let j(k) = -2*k + 13. Let i(r) = r - 12. Let h(p) = -4*i(p) - 3*j(p). Give h(m).
-5
Let u be (-1)/((11 - -2)/91). Let w(n) = n**3 + n**2 + n - 1. Let j(l) = -5*l**3 - 12*l**2 - 9*l + 10. Let x(o) = j(o) + 4*w(o). What is x(u)?
-8
Let x be (16/28)/(14/49). Let b(o) = 3*o**2 - 2*o + 1. Determine b(x).
9
Let b(z) = 6*z**2 - 4*z - 47. Let j(r) = -8*r**2 + 6*r + 71. Let w(n) = 3*b(n) + 2*j(n). Let l be 2 + 2 + 1*-1. Calculate w(l).
19
Let f(m) = 2*m - 13 + 31 - 3 - 10. What is f(-7)?
-9
Suppose 5*h - 58 = 2. Suppose 0*s - 5*s - 3*a + 20 = 0, 0 = -3*s - 5*a + 28. Let x(o) = -2*o**2 + s - 10*o + o**2 + h*o. Calculate x(-1).
-2
Let v(t) be the first derivative of t**4/4 + 36*t + 3. Determine v(0).
36
Let s(l) = -l**2 - 23*l - 38. Suppose -3*j = 4*f + 79, 2*f = -f - 12. Let z be s(j). Let c(p) = p**3 - 4*p**2 - 1. What is c(z)?
-1
Let y(b) = 6*b + 1. Let k(d) = -5*d - 1. Let s(c) = 5*k(c) + 4*y(c). Let a be 2/(-15) - (-292)/(-60). Calculate s(a).
4
Let r be -7 - (-2 + 12/4). Let k be 1 + r/4 - 3. Let c(a) = a. Let j(w) = w - 5. Let v(y) = 4*c(y) - j(y). Determine v(k).
-7
Suppose -9*f + 2627 = -595. Let o(s) = 1 + 353*s**2 + 4*s + 0 - 2*s - f*s**2. Calculate o(-1).
-6
Let r(m) = -m. Let a be 2 + -8 + 4 + 32. Let x = a + -31. Calculate r(x).
1
Let b = -36 - -94. Let z(t) = b*t - 3 - 4 - t**2 - 67*t. Give z(-6).
11
Let r be (1 - 3)/(3/(60/(-8))). Let a(h) = 6 - 4 + r + 3*h - 6. Calculate a(7).
22
Let n(m) = 11*m - 63. Let r be n(6). Let w(z) = z**3 - 2*z**2 - 5*z + 4. Calculate w(r).
-2
Let l = -1553 + 1558. Let c(r) be the first derivative of -1/2*r**2 + l + 1/3*r**3 - 2*r - 1/4*r**4. Calculate c(0).
-2
Let r(g) = -6*g + 3. Let d(x) = 17*x - 10. Let s(t) = 4*d(t) + 11*r(t). Let b(v) = -3*v + 11. Let f(k) = 5*b(k) + 8*s(k). What is f(3)?
2
Let k(g) = g**2 - 2*g. Let n(a) = a + 2*a + 26*a**2 + 3*a - 30*a**2. Let i(o) = 16*k(o) + 5*n(o). What is i(-2)?
-12
Let b(y) = -5*y**2 + 5*y**2 - 4 - y**2 - 3*y - 3*y + 2*y**2. Suppose 0 = -0*s - 2*s + 10, 5*s - 1 = 4*t. Give b(t).
-4
Let c = 24 + -54. Let f = c + 48. Let u = -23 + f. Let x(l) = -l - 7. Calculate x(u).
-2
Let r(c) be the first derivative of 1/2*c**2 + 0*c**3 + 1/4*c**4 + 10 + 0*c. What is r(-1)?
-2
Let a(w) = w**3 - 2*w**2 - 11*w - 2. Let n be 74/14 + 30/105*-1. Determine a(n).
18
Suppose -2*s + 2*r = 22, -r + 55 = -2*s - 3*s. Let w = 6 + s. Let x(f) = -f**2 - 4*f + 7. Calculate x(w).
2
Let g(l) be the first derivative of l**3 + 3*l**2 + 4*l + 37. Let w be g(-2). Let k(o) = -o**2 + 3*o - 2*o + 2*o. Calculate k(w).
-4
Let z(v) = -234*v**2 - 237*v**2 - 7 + 472*v**2 + 2*v. Give z(-6).
17
Let m(r) be the third derivative of 0 - 1/24*r**4 - 1/3*r**3 - 28*r**2 + 0*r. Determine m(-3).
1
Suppose 4*m - 5*n = 37, -6 = -5*m - n + 4. Let w be (-4)/(-6)*(13 - 7). Let k(c) = -w*c - c + 3*c + 1. What is k(m)?
-5
Let o be (0 - -4) + (5 + -3 - 3). Let x(r) = o - 6*r - 7 + 7*r. Let k = -3 + 6. Give x(k).
-1
Let g = 4 + -7. Let u(n) = -2*n + 10. Let j(p) = -3*p + 19. Let d(b) = 4*j(b) - 7*u(b). Let o(x) = 3*x + 5. Let v(a) = g*o(a) + 2*d(a). What is v(-2)?
7
Let t(u) = 2*u**2 + 2*u + 3. Let h(s) = 13*s - 7. Let f be h(8). Let m = -100 + f. What is t(m)?
15
Let h(k) = k - 14. Suppose 0 = -19*r + 9*r. Give h(r).
-14
Let y(r) = 3*r**3 + r**2 - r. Let z be ((-16)/14)/(-2) + 63/147. Determine y(z).
3
Let f be (-5)/(-4)*4*-1. Let p(w) = 143 + 139 - 285 - w. Determine p(f).
2
Let m = -54 - -50. Let h(l) = -l - 1. Let d(v) be the first derivative of 2*v**2 + v + 3. Let a(c) = d(c) + 2*h(c). Give a(m).
-9
Suppose -24*s + 12 = -21*s. Suppose 4*q - y = -s, 4*q - 5*y = -q + 10. Let t(f) = -f**2 - f + 2. Determine t(q).
0
Suppose -24*n + 17 = -31. Let q(m) be the third derivative of 0*m + 0 - 1/24*m**4 + 0*m**3 + 12*m**n - 1/30*m**5. Calculate q(-1).
-1
Let o(k) = k**3 + 9*k**2 + 6*k - 7. Let x be (7 + -6 + 0)*(1 + -9). Give o(x).
9
Let f(x) = 4*x + x**2 + 2*x + 4 - 3*x - x. Let w be f(0). Let m(k) = k + 2. What is m(w)?
6
